7 is divided by 10*-3*4/(-8).
12
Let k(a) = -7*a**3 + a**2 + 4*a + 3. Let i be k(-3). Suppose 0 = 3*r - 0*r + 3*t - i, 2*r - 124 = -t. What is the remainder when r is divided by 21?
19
Let g = -8 - -4. Let t(l) = 2*l - 2*l - 3*l + l + 2. What is the remainder when 18 is divided by t(g)?
8
Let n be (-2730)/49 - 4/14. What is the remainder when 20 is divided by (n/32)/((-2)/8)?
6
Let a = 49 + -34. What is the remainder when 16 is divided by ((-66)/55)/((-2)/a)?
7
Suppose z - v + 64 = 0, z + 2*v + 46 = -3. Calculate the remainder when (z/1)/(2 - 3) is divided by 20.
19
Suppose -5*y + 18 = -3*c + 4*c, -y = -5*c + 116. Let w(f) = -2*f - 4. What is the remainder when c is divided by w(-6)?
7
Suppose 0 = 5*x - 199 - 451. What is the remainder when x is divided by 33?
31
Let y = 12 - -17. Calculate the remainder when 86 is divided by y.
28
What is the remainder when ((-113)/(-1))/(-3*(-2)/6) is divided by 23?
21
Let c(a) = -a**3 - 9*a**2 - 6*a + 10. Let q be c(-8). Let x(m) = 8 - 8*m - m**2 + 2 - 3. Calculate the remainder when 56 is divided by x(q).
18
Let h = -5 - -7. Suppose -24 = -2*c - h. Let x(g) = -g - 3. What is the remainder when c is divided by x(-7)?
3
Suppose -2*w + 9 = w. Suppose -5*y + 17 + 33 = 0. What is the remainder when 1 - 18/(2 - w) is divided by y?
9
Suppose 5*i - 56 = -6. Suppose -40 = 2*k - 98. Calculate the remainder when k is divided by i.
9
Let a(o) = 2*o + 41. Calculate the remainder when 214 is divided by a(-5).
28
Suppose -l = -2*l + 31. Suppose 8 = 4*s - 6*s, -l = -5*x + 4*s. Suppose -7*h - d = -x*h - 13, -1 = -d. Calculate the remainder when h is divided by 2.
1
Let i = 85 - 69. Calculate the remainder when 29 is divided by i.
13
Let x = -28 + 57. What is the remainder when 171 is divided by x?
26
Let g be ((-1)/1 + 5)*1. Suppose 0 = g*s - c - 24, 3*s - 23 = -c + 3*c. Calculate the remainder when 12 is divided by s.
2
Let i = -79 - -34. Let h = -20 - i. Calculate the remainder when h is divided by 13.
12
Let a(h) = -4*h - 5. Calculate the remainder when a(-9) is divided by 4.
3
Let s = 20 + -12. Let l be (-2*3/(-2))/(-1). What is the remainder when s is divided by (-7)/(-3) - 2/l?
2
Suppose -2*y = -0*y - 8. What is the remainder when 2/4*17*y is divided by 12?
10
Let h = -41 - -70. Calculate the remainder when h is divided by 16.
13
Let u(s) = -s. Let p be u(3). Let n = 0 - p. What is the remainder when 6 is divided by n?
0
Let t = -12 + 20. Let v = -15 - -23. Suppose -q + v = s - 0*s, 2*q = -s + 3. What is the remainder when s is divided by t?
5
Let w(g) = -g**2 - 4*g + 4. Let u be w(-4). Suppose u - 17 = -n. What is the remainder when 23 is divided by n?
10
Let g(f) = 2*f**2 + 5*f + 3. Let j(k) = k**3 + 6*k**2 + k + 3. Let p be j(-6). Calculate the remainder when (-11)/((-2)/(-2) - 2) is divided by g(p).
5
Suppose 0*a - 18 = -2*a. Calculate the remainder when 79 is divided by a.
7
Suppose -20 = -2*k - 3*k. Suppose -3*r + 8*r - 90 = -4*a, 72 = k*r - 5*a. What is the remainder when 34 is divided by r?
16
Let f = -22 - -56. What is the remainder when f is divided by 12?
10
Let m(l) = 3*l. Let o(v) = v**2 - 3*v - 2. Let a be (5 + -3)*(-1 + 0). What is the remainder when m(5) is divided by o(a)?
7
Suppose 2*j + j = 12. Suppose j*q + 3 = 11. Calculate the remainder when 30 is divided by 8/(-20)*(-22 + q).
6
Suppose 17 = 4*n + 53. Let u(r) = -r**3 - 9*r**2 - 2*r + 9. What is the remainder when u(n) is divided by 14?
13
Suppose 16 = 4*f - i, 2*f - 5*f = -2*i - 12. What is the remainder when 1*99*f/12 is divided by 9?
6
Let r(v) = v**2 + v + 2. Let s be r(3). What is the remainder when (0 + s - -3)*1 is divided by 10?
7
Let p = -7 - -17. Suppose -3*f + 25 = -59. Suppose -4*v + 5*j + 107 = 0, 4*v = 3*j + f + 81. Calculate the remainder when v is divided by p.
8
Suppose 0 = -q + 4*p + 93, -5*q + 504 = -3*p + 56. Calculate the remainder when q is divided by 23.
20
Let o(m) = m**3 - 20*m**2 + 21*m - 11. Calculate the remainder when o(19) is divided by 14.
13
Let a = -3 - -3. Suppose a = -3*n + 9 + 81. Suppose 4*h - n = 26. What is the remainder when 40 is divided by h?
12
Let n(f) = 7*f + 1. Let o be n(-1). Let d be ((-10)/o)/((-1)/(-3)). Suppose -5*s - 44 = -19, -5*t + 70 = -d*s. What is the remainder when 16 is divided by t?
7
Let b = -17 - -21. Calculate the remainder when b is divided by 2.
0
Let o(w) = w**3 + 6*w**2 - 9*w - 5. Let q be o(-7). Suppose -3*n - q = -a, 2*a - 36 + 2 = -2*n. What is the remainder when 29 is divided by a?
14
Let q(i) = i**2 - 2*i - 3. Suppose g - 5*g = -192. Suppose -g = -2*o - 4. What is the remainder when o is divided by q(-3)?
10
Suppose 0*b - 18 = b. What is the remainder when (-2)/6 + (-49)/(-3) is divided by (-1)/((4/b)/2)?
7
What is the remainder when 53 is divided by -2 + (16 - (1 + 4))?
8
Let g = 26 + 27. Calculate the remainder when g is divided by 11.
9
Let x = -12 - -17. Suppose 54 = 3*l - 3*n, x*l - 85 = -0*l + 4*n. Calculate the remainder when l is divided by 7.
6
Suppose i = 5, -5*w - 2*i - 51 = -181. Calculate the remainder when 49 is divided by w.
1
Suppose 3*m = m - 2, s - 27 = -3*m. Let d = -23 + 49. What is the remainder when s is divided by 62/4 + 13/d?
14
Suppose 0 = -3*t + 4*t - 101. Calculate the remainder when t is divided by 26.
23
Suppose -5*k - 2*j = -30 - 22, -j - 19 = -2*k. Suppose i + 0*i = -k. What is the remainder when (28/i)/(1/(-5)) is divided by 5?
4
Suppose -y + 2 = 0, 4*f - y - 5 = 9. What is the remainder when 105*((-7)/(-5) + -1) is divided by 2 + (320/4)/f?
20
Let t be 11/4 + (-3)/(-12). Let u = 13 - t. What is the remainder when 26 is divided by u?
6
Let n be (20/3*-3)/(-1). Let k = n + -10. Calculate the remainder when 47 is divided by k.
7
Let o(b) = 2*b + 1. What is the remainder when 49 is divided by o(8)?
15
Let q(i) = -i**2 + i + 118. Let l be q(0). Suppose -4*u = -l - 10. Calculate the remainder when u is divided by 11.
10
Let l(k) = k**2 + k + 16. Suppose -8 - 7 = -3*y, 29 = 3*a + 4*y. Suppose a*f = 11 + 16. Calculate the remainder when l(0) is divided by f.
7
Suppose i - 44 = -5*k, -6*k = -3*i - 3*k + 60. Suppose i = 2*d + d. Let j = 126 - 111. Calculate the remainder when j is divided by d.
7
Let x = -79 + 114. What is the remainder when x is divided by 20?
15
Let c(x) = 12*x**2 - 2*x + 1. What is the remainder when 76 is divided by c(1)?
10
Suppose 3*v + 8 = -5*u + 36, -4*u = v. Calculate the remainder when 31 is divided by v.
15
Let n be (3 + 0 - 2)*0. Suppose -4*y + 5*d = -74, 5*y + n*d + d - 78 = 0. Calculate the remainder when 30 is divided by y.
14
Let j(c) = -c**2 + 3*c - 1. Let g(k) = k**2 - 3*k + 2. Let q(a) = 3*g(a) + 2*j(a). Let y be (-20)/(-2)*1/2. What is the remainder when q(y) is divided by 8?
6
Let k(z) = 6*z**2 + 2. Calculate the remainder when k(2) is divided by 9.
8
Let c(m) = 9*m - 13. What is the remainder when c(9) is divided by 14?
12
Let r(j) = 2*j**2 - 3. Suppose -5*i = 70 - 495. What is the remainder when i is divided by r(4)?
27
Suppose 2*u - 248 - 78 = 0. Suppose k = -5*v, u = 4*k - 4*v + 43. Calculate the remainder when k is divided by 7.
4
Let n = 95 + -5. What is the remainder when n is divided by 23?
21
Let q(y) = -y**3 - 3*y**2 - y + 2. Let r = -1 + -1. Let p be q(r). Suppose -3*t + p*t + 129 = 0. What is the remainder when t is divided by 15?
13
Let s(j) = -11*j - 50. Calculate the remainder when s(-9) is divided by 5.
4
Let m(g) = 2*g**3 + 2*g**2 - 1. Let s be m(-1). Calculate the remainder when s/2*(-47 + 5) is divided by 6.
3
Suppose -4*b + 3*o + 64 = 7*o, o - 46 = -3*b. Suppose -f + b = -0*f. Calculate the remainder when 42 is divided by f.
12
Let d(b) = -b**2 - 8*b - 4. What is the remainder when 6 is divided by d(-7)?
0
Let f = -5 - -3. Let d be (f/6)/(1/(-6)). Suppose -4*u + 212 = 3*a + a, 0 = d*u - a - 112. What is the remainder when u is divided by 19?
17
Suppose 4*u - 6*u = -18. Calculate the remainder when 17 is divided by u.
8
Suppose 2*m = v - 3*v + 8, 0 = 4*m. What is the remainder when 5 is divided by v?
1
Let o be 8 + (-2)/(2/3). Let x = 28 - o. What is the remainder when x is divided by 6?
5
Calculate the remainder when 60 is divided by 145/7 - 20/(-70).
18
Let k(z) = -z**2 + 8*z + 2. Let i be k(7). Let y = i - 5. Suppose -56 = -4*p + 4*m, 0 = y*m + m + 10. Calculate the remainder when 23 is d